) a composite number?
True
Suppose -3*l + 5*l + 8 = 0. Let y(f) = -f**3 + 4*f - 2. Is y(l) a prime number?
False
Let z(x) = 90*x**3 - 5*x**2 + 10*x - 8. Is z(3) a composite number?
True
Suppose 2*f = -0*f - 20. Is f/45 - (-2639)/9 composite?
False
Let g(r) = 82*r**2 + 1. Let j(x) = x**3 - 9*x**2 - x + 4. Let v be j(9). Let z = v - -6. Is g(z) composite?
False
Suppose 5*c - 2*y - 6 = 11, -4*y = 4. Suppose 6*j - j - 31 = -c*r, -5*j + 27 = r. Suppose 5*m - 2*m = -9, 2*u = -r*m + 56. Is u a prime number?
True
Let o(p) = -p**2 - 2*p - 1. Let r(j) = -2*j**2 - j - 1. Let y(c) = 4*o(c) - 3*r(c). Is y(-4) prime?
False
Let d = 37 - -12. Let v = 136 - d. Is v a prime number?
False
Is 8/(-2) + 44528/16 prime?
False
Let r(j) = -7*j**3 - j**2 + 1. Is r(-2) a prime number?
True
Suppose 4*x - 1315 = -l, 0 = -4*l + 5*l + 2*x - 1325. Suppose 4*d - l = d. Is d a prime number?
False
Let x be (-2 - 81)/(0 - 1). Let j = x + -44. Suppose 0 = -0*u - 3*u + j. Is u prime?
True
Suppose -4*n + 3 + 9 = 0. Suppose 1 - 22 = -n*t + 3*y, -10 = -2*t - 2*y. Let a(q) = 17*q - 5. Is a(t) a composite number?
False
Let k be -3 + 5 + 0 + -1. Let m be k + 1 + 639 + -3. Let z = -225 + m. Is z composite?
True
Let a = -114 - -201. Is a a composite number?
True
Is (-4)/6 + (-862)/(-6) a composite number?
True
Let b be 3*-4*19/2. Let o = 205 + b. Is o a prime number?
False
Suppose 8*g - 3*g = -10. Let k be 5/g*(-6)/5. Is (-1)/k + (-346)/(-3) composite?
True
Let i = 7 - 11. Let r = 3 + i. Is r - (-2)/(2/27) a prime number?
False
Let b(d) = 23*d - 5. Let y(o) = -23*o + 4. Let p(f) = -5*b(f) - 6*y(f). Let a be p(2). Suppose -4*t = 8, -a = -2*l + 5*t + 29. Is l prime?
False
Suppose t = -5*f + 19, -5*f + 5*t - 1 = 4. Suppose f*a = -8 - 4, -3*a = -3*d + 30. Is d a composite number?
True
Suppose -3*k = 3*n - 15, 0 = -n + 3*n - 2. Suppose -5*g = 20, -k*i - 3*g + 122 = -134. Is i a composite number?
False
Let w(c) = 2*c**2 - 7*c + 5. Let h be w(4). Suppose -5*t + 5 = 0, 5*v - 2*t = t - 18. Let p = v + h. Is p prime?
False
Let a = 261 + -52. Is a a prime number?
False
Let t(z) = 70*z**2 - 1. Let n = 0 - -1. Is t(n) composite?
True
Suppose 12 = 2*o + 2*o. Suppose -f = 9 - o. Is (-1426)/(-18) + f/27 composite?
False
Suppose 5*m - 9*m + 5 = 5*j, 2*j = 3*m - 21. Suppose m*c = 2*k + k - 2, -2*c + 12 = 2*k. Suppose k*x - 35 = 53. Is x prime?
False
Suppose 2*o = -o - 3*t + 66, o - 25 = -2*t. Let q = 33 - o. Is q prime?
False
Suppose -3*h = -6*h + 723. Let d = -11 + 15. Suppose -d*j + h = -115. Is j a composite number?
False
Let g = 58 - 41. Is g/((-20)/(-6) - 3) prime?
False
Suppose 708 = 3*z - 477. Suppose -4*o = -9*o + z. Is o composite?
False
Let m = -988 + 2085. Is m composite?
False
Suppose -3286 = 5*p + 4*m, 4*p - 2*m = 2*m - 2636. Is 3/4 + p/(-8) a composite number?
False
Let p be (-312)/(-2)*1/(-1). Is 2*(3 + -2) - p a composite number?
True
Let d(v) = v**3 + v**2 + 8*v + 4. Let o be d(6). Suppose -4*m + o = 4*u - 7*m, 4 = m. Is u prime?
True
Let u be (8/10)/(4/(-10)). Is 196 + -2 - (u - -5) prime?
True
Let m = -556 + 953. Is m a composite number?
False
Is (44/(-8) + 6)/((-2)/(-2588)) a composite number?
False
Suppose 0*a - 1666 = -4*n - 2*a, 5*n - 5*a - 2120 = 0. Is n prime?
True
Let o(y) = 6 - 8 + 4*y**2 - 2*y**2. Let s be o(-5). Suppose 3*q - s = 15. Is q a prime number?
False
Let p = 1 + -4. Is (2 + (-561)/9)*p a prime number?
True
Let b = 3916 - -945. Is b composite?
False
Suppose 0 = -6*a + 3*a. Suppose -4*w + 180 = -4*v - a*v, 0 = -3*v. Suppose 24 = 3*b - w. Is b composite?
False
Let m(n) = n**2 - n + 111. Is m(0) composite?
True
Let g(m) = m**2 + m. Let k be g(-4). Let s = k - 8. Suppose -20 + 85 = l - 2*b, -4 = -s*b. Is l a composite number?
False
Suppose 3*p = -5*a + 5, 6*p - 4*p + 4*a - 4 = 0. Let d = 4 - p. Is 2/(-4) - (-58)/d composite?
True
Is 0 + (-3 - 0) - -2520 a composite number?
True
Let v(s) = 498*s + 13. Is v(4) a composite number?
True
Let v(y) = -5*y. Let u be v(-1). Suppose 2*n = u*n - 21. Let o(k) = k. Is o(n) a prime number?
True
Let f(p) = 6*p**2 - 17*p + 9. Is f(-12) composite?
True
Let t(g) = -g - 3. Let z be t(-5). Suppose z*q = 4*m - 30, 4*m - 3*m + 4*q - 12 = 0. Let b = 66 + m. Is b a composite number?
True
Let g be ((-6)/(-9))/(1/3). Let m = 0 + g. Suppose 18 = 3*p - m*i - 96, -3*i = p - 38. Is p composite?
True
Let o be (1 + 4/(-6))*15. Let t(j) = j**2 + j - 7. Is t(o) prime?
True
Let c be (-1 - (-20)/(-2))*-3. Let l(r) = -r + 17. Let g be l(17). Suppose -y + c = -g*y. Is y a composite number?
True
Suppose a = 67 + 35. Suppose u + a + 159 = l, 2*l + 3*u = 502. Is l prime?
True
Suppose -2*u + 4*c = -1494, 0*c + 2 = c. Is u a composite number?
False
Suppose 50 + 1826 = 4*c. Is c a prime number?
False
Let q(t) = -t + 0*t + 4*t**2 - 2*t - 1 - 42*t**3 - 5*t**2. Is q(-2) a prime number?
True
Suppose 2*k - 3*k = -2. Suppose k*o - 10 = h, -o + 31 = 4*o - 4*h. Suppose o*q - 4*q + 10 = 0. Is q prime?
False
Let l(y) = -5*y**2 + 56*y**2 + 0*y**2 + 6*y**2. Is l(-1) a prime number?
False
Let r = -4906 + 9197. Is r prime?
False
Suppose -3*k + 2*k = -17. Let v = 9 - k. Is ((-20)/2)/(v/68) a composite number?
True
Suppose 3*k - 3 + 9 = 0. Is k + 1 - 14/(-1) a prime number?
True
Let n(j) = j - 1. Let h be n(5). Suppose 0 = -h*s - 5*l + 430, -3*l - 2*l - 340 = -3*s. Suppose 0*y - 2*w = 2*y - s, y - w - 51 = 0. Is y composite?
False
Let h(f) = 30*f + 3. Let a be h(3). Let v = a + -54. Is v composite?
True
Suppose 5*t - 23 = -8. Suppose -5*v = -t*v - 268. Is (v/3)/(4/6) a composite number?
False
Suppose 1050 = 5*d - 5*b, 6*b = 2*b + 8. Suppose 5*i - 3*i = 0. Suppose i*z = -4*z + d. Is z a composite number?
False
Suppose -5*d + 5 = 0, -t - 37 = 4*d + 1147. Let u = -779 - t. Is u prime?
True
Suppose -3*n + 3*c = 6*c - 1665, 2*n - 1120 = 3*c. Is n a composite number?
False
Let p(c) = c**3 - 17*c**2 + 8*c + 13. Let r(s) = -8*s**2 + 4*s + 7. Let z(f) = -2*p(f) + 5*r(f). Is z(-6) a prime number?
False
Let s = 10 + -31. Let m = -7 + 49. Let k = m + s. Is k a composite number?
True
Suppose -c + 2*g + 1828 = 0, -1844 = -3*c + 4*g + 3644. Let y = -1071 + c. Is y a prime number?
True
Suppose -5*r + 31 - 726 = 0. Let y = 235 + r. Suppose 3*q - 2*t = t + y, 20 = 4*t. Is q composite?
False
Let t(s) = s**2 + 7*s. Let c be t(-7). Suppose 0 = 4*o - c*o - 8. Suppose x + 7 = o*x. Is x composite?
False
Let s be 23/(-7) + 2/7. Is (-1)/s + 158/3 composite?
False
Suppose 3*c + 5*x = 494, -4*c + 648 = x + 3*x. Suppose -c = v - 2*v. Is v/3*(-3)/(-2) composite?
False
Let g(k) = -27*k - 2. Suppose q + 4*q = -15. Is g(q) composite?
False
Let x be 34/10 - (-4)/(-10). Let i be (-2)/(-8)*2*0. Suppose i = x*n - 9 - 30. Is n a composite number?
False
Suppose 4*w - 67 = -y, 0*w + 4*w = 16. Suppose -4*t + y = -49. Is t prime?
False
Let x be 0/(6/3 + -3). Suppose w + x*w - 2*u = 59, -u = -3. Is w a prime number?
False
Suppose 4*i - 6173 = -1897. Is i a composite number?
False
Suppose 5*n - 4*g = 9913, -n + 0*n - 5*g + 2000 = 0. Is n a composite number?
True
Suppose -2*j + 30 = -o - 109, o = 3*j - 206. Is j a prime number?
True
Let k(h) = -h**3 + 21*h**2 - 11*h - 5. Is k(16) a composite number?
True
Let y(n) = 11*n + 1. Let u be y(-6). Suppose -3*g + 481 = 4*c, 0*g = 5*g - 15. Let s = c + u. Is s a prime number?
True
Let v(t) = 15*t**2 - 3*t. Let i be v(3). Suppose k - i - 1 = 0. Is k composite?
False
Let c(g) = -176*g - 1. Let u be c(-1). Let d = u - 26. Is d a prime number?
True
Let f(p) = 8*p**2 - p. Let h be f(-1). Is (h/(-3) - -4) + 556 a composite number?
False
Let n = -58 - -279. Is n a composite number?
True
Suppose -8*d + 9*d = 397. Is d prime?
True
Suppose y + 6 = 3*g + 592, -4*y - 4*g + 2328 = 0. Is y composite?
True
Let q = 4 - 9. Let c(i) be the second derivative of -i**3 + 7*i**2/2 + 10*i. Is c(q) prime?
True
Let b be 18/(-3)*-1 + -1. Suppose b*x = 80 + 375. Is x a composite number?
True
Let v(r) = 5*r**2 - 1. Suppose 5*q + 5*l - 15 = 0, q - 3*l + 1 = -4*q. Let g be v(q). Suppose g*j = -137 + 525. Is j prime?
True
Let v(c) = -c**3 - 2*c**2 + 6*c + 2. Let t be v(-4). Let l(m) = -4*m + 10*m**2 + 9 + 16*m - 5*m**3 + 4*m**3. Is l(t) prime?
False
Let m = -112 + 155. Is m a prime number?
True
Suppose -y + 5 = -10. Suppose 6 = -3*n - 0, 3*p = 3*n + y. Suppose 0 = -p*h + 457 - 118. Is h a composite number?
Fal